9
What are the prime factors of 6623193?
3, 47, 107, 439
What are the prime factors of 710823?
3, 313, 757
List the prime factors of 378584.
2, 37, 1279
What are the prime factors of 218650?
2, 5, 4373
List the prime factors of 2757630.
2, 3, 5, 91921
List the prime factors of 227589.
3, 107, 709
What are the prime factors of 16726388?
2, 7, 29, 20599
What are the prime factors of 113835?
3, 5, 7589
What are the prime factors of 112322?
2, 7, 71, 113
List the prime factors of 3498237.
3, 388693
What are the prime factors of 514336?
2, 16073
List the prime factors of 227200.
2, 5, 71
What are the prime factors of 19173953?
113, 169681
List the prime factors of 414582.
2, 3, 7, 9871
List the prime factors of 593408.
2, 19, 61
What are the prime factors of 615?
3, 5, 41
What are the prime factors of 7571253?
3, 19, 6991
What are the prime factors of 2236409?
7, 45641
List the prime factors of 849687.
3, 107, 2647
What are the prime factors of 1819215?
3, 5, 40427
List the prime factors of 7364407.
7364407
List the prime factors of 68813.
68813
List the prime factors of 1950085.
5, 37, 83, 127
List the prime factors of 1043660.
2, 5, 52183
What are the prime factors of 17935462?
2, 8967731
What are the prime factors of 302540?
2, 5, 7, 2161
What are the prime factors of 1494942?
2, 3, 41, 59, 103
List the prime factors of 279587.
7, 11, 3631
What are the prime factors of 3121414?
2, 1560707
List the prime factors of 482263.
482263
List the prime factors of 9407622.
2, 3, 7, 19, 11789
What are the prime factors of 796241?
79, 10079
List the prime factors of 291773.
283, 1031
What are the prime factors of 145282?
2, 17, 4273
List the prime factors of 1955314.
2, 83, 11779
List the prime factors of 799372.
2, 7, 28549
What are the prime factors of 11244777?
3, 281, 13339
List the prime factors of 779956.
2, 194989
What are the prime factors of 3027890?
2, 5, 29, 53, 197
List the prime factors of 765782.
2, 17, 101, 223
List the prime factors of 4078947.
3, 97, 107, 131
What are the prime factors of 53318?
2, 53, 503
List the prime factors of 3320005.
5, 13, 3929
List the prime factors of 2510755.
5, 13, 19, 107
What are the prime factors of 11816488?
2, 1477061
List the prime factors of 832002.
2, 3, 23, 6029
List the prime factors of 3190266.
2, 3, 47, 419
List the prime factors of 19257230.
2, 5, 199, 9677
List the prime factors of 206383.
206383
What are the prime factors of 6993139?
101, 69239
List the prime factors of 22352883.
3, 7, 599, 1777
What are the prime factors of 959907?
3, 13, 151, 163
List the prime factors of 351113.
7, 50159
List the prime factors of 7741939.
293, 26423
What are the prime factors of 3402174?
2, 3, 307, 1847
What are the prime factors of 58038?
2, 3, 17, 569
What are the prime factors of 4203728?
2, 262733
List the prime factors of 151995.
3, 5, 10133
What are the prime factors of 838921?
59, 241
What are the prime factors of 417328?
2, 26083
List the prime factors of 1665313.
13, 53, 2417
What are the prime factors of 996623?
197, 5059
List the prime factors of 3560438.
2, 7, 47, 773
List the prime factors of 137931.
3, 23, 1999
List the prime factors of 441247.
441247
What are the prime factors of 2185870?
2, 5, 241, 907
List the prime factors of 704571.
3, 7, 4793
List the prime factors of 1149598.
2, 574799
What are the prime factors of 118227?
3, 39409
List the prime factors of 4371275.
5, 174851
What are the prime factors of 81926?
2, 13, 23, 137
What are the prime factors of 84757?
131, 647
List the prime factors of 1590336.
2, 3, 11, 251
What are the prime factors of 573250?
2, 5, 2293
What are the prime factors of 324252?
2, 3, 9007
List the prime factors of 135003.
3, 11, 4091
What are the prime factors of 33874150?
2, 5, 19, 181, 197
List the prime factors of 263387.
263387
List the prime factors of 1640474.
2, 11, 74567
What are the prime factors of 129918?
2, 3, 59, 367
List the prime factors of 146359.
146359
What are the prime factors of 713360?
2, 5, 37, 241
List the prime factors of 440411.
37, 11903
List the prime factors of 1319038.
2, 7, 71, 1327
What are the prime factors of 2986474?
2, 47, 31771
What are the prime factors of 522452?
2, 7, 47, 397
List the prime factors of 8531650.
2, 5, 170633
List the prime factors of 8966995.
5, 1793399
What are the prime factors of 12953508?
2, 3, 23, 46933
What are the prime factors of 442673?
7, 11, 5749
What are the prime factors of 129773?
7, 18539
What are the prime factors of 5849684?
2, 1462421
What are the prime factors of 9045102?
2, 3, 11, 19, 7213
List the prime factors of 7110810.
2, 3, 5, 7, 11287
List the prime factors of 4196358.
2, 3, 29, 8039
List the prime factors of 191464.
2, 7, 13, 263
List the prime factors of 20446008.
2, 3, 11, 77447
What are the prime factors of 6862135?
5, 7, 17, 19, 607
What are the prime factors of 881079?
3, 509, 577
List the prime factors of 263382.
2, 3, 7, 6271
What are the prime factors of 1011185?
5, 7, 167, 173
List the prime factors of 555562.
2, 7, 5669
List the prime factors of 101062.
2, 13, 23
List the prime factors of 357008.
2, 53, 421
List the prime factors of 60540.
2, 3, 5, 1009
What are the prime factors of 22732586?
2, 2423, 4691
What are the prime factors of 8634149?
41, 251, 839
What are the prime factors of 4328526?
2, 3, 757, 953
What are the prime factors of 40004?
2, 73, 137
What are the prime factors of 129692?
2, 32423
List the prime factors of 13468596.
2, 3, 151, 7433
What are the prime factors of 134530?
2, 5, 11, 1223
List the prime factors of 4353774.
2, 3, 19, 181, 211
List the prime factors of 667725.
3, 5, 29, 307
List the prime factors of 516709.
516709
What are the prime factors of 12339334?
2, 7, 569, 1549
What are the prime factors of 433741?
7, 11, 43, 131
List the prime factors of 219411.
3, 24379
List the prime factors of 182760.
2, 3, 5, 1523
List the prime factors of 2248939.
7, 11, 29207
List the prime factors of 30825.
3, 5, 137
List the prime factors of 4552922.
2, 11, 206951
List the prime factors of 7167380.
2, 5, 11, 32579
What are the prime factors of 5851070?
2, 5, 585107
List the prime factors of 206113.
71, 2903
What are the prime factors of 7393060?
2, 5, 313, 1181
List the prime factors of 1653208.
2, 206651
List the prime factors of 5028601.
149, 33749
What are the prime factors of 798069?
3, 266023
What are the prime factors of 2942412?
2, 3, 11, 22291
What are the prime factors of 3766963?
23, 163781
List the prime factors of 4522245.
3, 5, 7, 13, 3313
What are the prime factors of 2037697?
2037697
What are the prime factors of 20268702?
2, 3, 139, 8101
What are the prime factors of 1392979?
7, 198997
What are the prime factors of 1420256?
2, 44383
List the prime factors of 8439962.
2, 4219981
What are the prime factors of 1112599?
17, 65447
What are the prime factors of 12013405?
5, 103, 23327
List the prime factors of 104557.
19, 5503
What are the prime factors of 6434686?
2, 3217343
What are the prime factors of 2478440?
2, 5, 61961
What are the prime factors of 17454938?
2, 227, 38447
What are the prime factors of 129360?
2, 3, 5, 7, 11
List the prime factors of 2463333.
3, 643, 1277
What are the prime factors of 1866131?
1866131
What are the prime factors of 7992923?
7992923
List the prime factors of 1949688.
2, 3, 13, 2083
What are the prime factors of 4569860?
2, 5, 41, 5573
List the prime factors of 87982.
2, 43991
List the prime factors of 2827110.
2, 3, 5, 11, 13, 659
List the prime factors of 266866.
2, 17, 47, 167
What are the prime factors of 4804779?
3, 7, 228799
What are the prime factors of 1293?
3, 431
List the prime factors of 402372.
2, 3, 11177
List the prime factors of 279194.
2, 139597
List the prime factors of 104462.
2, 19, 2749
List the prime factors of 667994.
2, 333997
What are the prime factors of 1555311?
3, 311, 1667
What are the prime factors of 23097670?
2, 5, 839, 2753
List the prime factors of 2678791.
19, 140989
What are the prime factors of 555331?
7, 79333
List the prime factors of 239377.
17, 14081
What are the prime factors of 34961?
34961
What are the prime factors of 3574761?
3, 271, 4397
List the prime factors of 2210030.
2, 5, 61, 3623
What are the prime factors of 313334?
2, 7, 22381
What are the prime facto